{"id":2,"date":"2020-03-20T15:09:58","date_gmt":"2020-03-20T15:09:58","guid":{"rendered":"https:\/\/zahnarzt-adligenswil.ch\/?page_id=2"},"modified":"2023-04-24T15:25:17","modified_gmt":"2023-04-24T14:25:17","slug":"sample-page","status":"publish","type":"page","link":"https:\/\/zahnarzt-adligenswil.ch\/","title":{"rendered":"Herzlich Willkommen"},"content":{"rendered":"\n<p>Sch\u00f6n, dass wir Sie neu auch online begr\u00fcssen d\u00fcrfen. Unsere Seite ist in Arbeit, daher bitten wir Sie um Verst\u00e4ndnis, wenn sie noch nicht alle Informationen auffinden k\u00f6nnen. <\/p>\n\n\n\n<p><\/p>\n\n\n\n<p><\/p>\n\n\n\n<blockquote class=\"wp-block-quote is-layout-flow wp-block-quote-is-layout-flow\">\n<p><em>\u00abZahnerkrankungen sind viel mehr als nur<\/em><br><em>ein \u00e4sthetisches Problem. Deshalb sind<\/em><br><em>regelm\u00e4ssige Kontrollen unverzichtbar.\u00bb<\/em><\/p>\n<\/blockquote>\n\n\n\n<div class=\"wp-block-buttons is-content-justification-center is-layout-flex wp-container-core-buttons-is-layout-16018d1d wp-block-buttons-is-layout-flex\">\n<div class=\"wp-block-button\"><a class=\"wp-block-button__link wp-element-button\" href=\"https:\/\/zahnarzt-adligenswil.ch\/?page_id=252\">Dentalhygiene <\/a><\/div>\n\n\n\n<div class=\"wp-block-button is-style-outline is-style-outline--1\"><a class=\"wp-block-button__link wp-element-button\" href=\"https:\/\/zahnarzt-adligenswil.ch\/?page_id=252\">KOntakt<\/a><\/div>\n<\/div>\n\n\n\n<p><\/p>\n\n\n\n<p><\/p>\n\n\n\n<figure class=\"wp-block-image size-large is-resized\"><img loading=\"lazy\" decoding=\"async\" src=\"https:\/\/zahnarzt-adligenswil.ch\/wp-content\/uploads\/2023\/04\/IMG_7533-1024x683.png\" alt=\"\" class=\"wp-image-293\" width=\"378\" height=\"251\" srcset=\"https:\/\/zahnarzt-adligenswil.ch\/wp-content\/uploads\/2023\/04\/IMG_7533-1024x683.png 1024w, https:\/\/zahnarzt-adligenswil.ch\/wp-content\/uploads\/2023\/04\/IMG_7533-300x200.png 300w, https:\/\/zahnarzt-adligenswil.ch\/wp-content\/uploads\/2023\/04\/IMG_7533-768x512.png 768w, https:\/\/zahnarzt-adligenswil.ch\/wp-content\/uploads\/2023\/04\/IMG_7533-1536x1024.png 1536w, https:\/\/zahnarzt-adligenswil.ch\/wp-content\/uploads\/2023\/04\/IMG_7533-2048x1365.png 2048w, https:\/\/zahnarzt-adligenswil.ch\/wp-content\/uploads\/2023\/04\/IMG_7533-507x338.png 507w\" sizes=\"auto, (max-width: 378px) 100vw, 378px\" \/><\/figure>\n\n\n\n<p>Dr. med. dent. Beat Huber <br>und das ganze Team der Zahnarztpraxis Adligenswil<\/p>\n","protected":false},"excerpt":{"rendered":"<p>Sch\u00f6n, dass wir Sie neu auch online begr\u00fcssen d\u00fcrfen. Unsere Seite ist in Arbeit, daher bitten wir Sie um Verst\u00e4ndnis,<\/p>\n<p><a href=\"https:\/\/zahnarzt-adligenswil.ch\/\" class=\"more-link\">Continue reading<span class=\"screen-reader-text\">Herzlich Willkommen<\/span><\/a><\/p>\n","protected":false},"author":1,"featured_media":0,"parent":0,"menu_order":0,"comment_status":"closed","ping_status":"open","template":"","meta":{"footnotes":""},"class_list":["post-2","page","type-page","status-publish","hentry"],"_links":{"self":[{"href":"https:\/\/zahnarzt-adligenswil.ch\/index.php?rest_route=\/wp\/v2\/pages\/2","targetHints":{"allow":["GET"]}}],"collection":[{"href":"https:\/\/zahnarzt-adligenswil.ch\/index.php?rest_route=\/wp\/v2\/pages"}],"about":[{"href":"https:\/\/zahnarzt-adligenswil.ch\/index.php?rest_route=\/wp\/v2\/types\/page"}],"author":[{"embeddable":true,"href":"https:\/\/zahnarzt-adligenswil.ch\/index.php?rest_route=\/wp\/v2\/users\/1"}],"replies":[{"embeddable":true,"href":"https:\/\/zahnarzt-adligenswil.ch\/index.php?rest_route=%2Fwp%2Fv2%2Fcomments&post=2"}],"version-history":[{"count":21,"href":"https:\/\/zahnarzt-adligenswil.ch\/index.php?rest_route=\/wp\/v2\/pages\/2\/revisions"}],"predecessor-version":[{"id":303,"href":"https:\/\/zahnarzt-adligenswil.ch\/index.php?rest_route=\/wp\/v2\/pages\/2\/revisions\/303"}],"wp:attachment":[{"href":"https:\/\/zahnarzt-adligenswil.ch\/index.php?rest_route=%2Fwp%2Fv2%2Fmedia&parent=2"}],"curies":[{"name":"wp","href":"https:\/\/api.w.org\/{rel}","templated":true}]}}